 5/x + 1/(-2). What are the prime factors of r(b)?
2
What are the prime factors of (-3794)/(-63) - (-1 - (-11)/9)?
2, 3, 5
Let v(l) = l**2 - l - 1. Let a be v(-2). Suppose -4*x + 5*h + 42 + 39 = 0, -a*h = 5*x - 45. What are the prime factors of x?
2, 7
Let b(s) = 4*s + 12*s - s - 7*s - s**2 + 2. List the prime factors of b(8).
2
Suppose -92 = 4*n - 5*n. List the prime factors of (n/14)/((-3)/(-21)).
2, 23
Let s = 32 - 16. Suppose s = 3*r - j, r - j - 2*j - 16 = 0. What are the prime factors of r?
2
Let v be (10/(-3))/((-8)/108). Suppose -2*g + 115 = v. List the prime factors of g.
5, 7
Let l = -4 - -2. Let o = 3 + l. What are the prime factors of (0 - (12 - o))*-1?
11
What are the prime factors of -156*(3 - 50/15)?
2, 13
Let i = 375 + -179. What are the prime factors of i?
2, 7
Let s(k) = -k**3 + 8*k**2 + 9*k + 3. Let t be s(9). Let v be (20/12)/(1/t). Let p = 12 - v. List the prime factors of p.
7
Suppose -2*g + 40 + 8 = 0. What are the prime factors of g?
2, 3
Suppose 128 = 4*j - 4*z, -z + 49 = -2*j + 4*j. List the prime factors of j.
3
Let f(u) = -u**2 + 5*u + 10. Let i be -1 + 1 - (-21)/3. Let x be f(i). Let v = 6 - x. List the prime factors of v.
2, 5
Let b = 12 + -11. Let z(u) be the third derivative of 7*u**4/24 - 3*u**2. List the prime factors of z(b).
7
Suppose -112*t = -110*t - 652. List the prime factors of t.
2, 163
List the prime factors of 26/(7/(14/4)).
13
Suppose -2*i = -3*i + 16. What are the prime factors of 34 + (i/4 - 2)?
2, 3
Let i = 41 - 20. What are the prime factors of i?
3, 7
Let p = 230 - 98. Suppose 0*v + p = 4*v. What are the prime factors of v?
3, 11
Let v be (8/(-5))/(1/(-10)). Suppose 0 = -2*m + 3*m - v. List the prime factors of m.
2
Let o(b) be the second derivative of 5*b**3/3 - 3*b**2/2 + 4*b. List the prime factors of o(2).
17
Suppose -2*m + 10*g + 14 = 5*g, -2*m - 3*g = 2. What are the prime factors of (-39)/(-2) + m/4?
2, 5
Suppose 0 = -4*s + y - 149, -5*y = -3*s + 5*s + 91. Let r = -23 - s. What are the prime factors of r?
3, 5
Let k(f) = 2*f. Let y be k(2). Suppose -3*v + 295 = y*l, 2*l - v + 0*v = 135. Suppose -5*q - 4*u + l = -9*u, 0 = q - 2*u - 19. What are the prime factors of q?
3
Suppose 690 - 254 = -4*v. Let j = 154 + v. Suppose 5*r = j + 5. What are the prime factors of r?
2, 5
Let y = -41 - -101. List the prime factors of y.
2, 3, 5
Let x(w) = -w**2 - w + 2. Let z be x(-2). List the prime factors of 1 - -24 - (z + -3).
2, 7
Let p(b) be the first derivative of -b**4/4 - 3*b**3 - 9*b**2/2 - b + 2. What are the prime factors of p(-8)?
7
Let y = -2 - -112. What are the prime factors of y?
2, 5, 11
Suppose -39 = -3*b + 3*s + 93, 0 = -3*b - s + 120. What are the prime factors of b?
41
Suppose 3*a - 56 = -0*a - z, -3*a = 3*z - 48. Suppose 3*n - 1 = -3*j + a, 2*n + 3*j = 17. Suppose -20 = -8*g + n*g. What are the prime factors of g?
5
Let m be -9*(0 - 2/(-3)). Let w(y) = -y - 7. Let f be w(m). What are the prime factors of (3 + -1)*(f - -7)?
2, 3
Suppose 13 = 4*s - 163. List the prime factors of s.
2, 11
What are the prime factors of 4 + (3 - 15)/(-3)?
2
Let t(o) = 6*o**2 + 7*o - 1. List the prime factors of t(4).
3, 41
Suppose 4*k = -0*q + 2*q + 34, 2*q = -2. List the prime factors of ((-6)/k)/(3/(-12)).
3
Let a(d) = -73*d**3 + d**2 + d + 1. Let f be a(-1). Let w = f + -52. List the prime factors of w.
2, 11
Suppose 178 = 4*r + 2*f, 79 = 6*r - 4*r - f. What are the prime factors of r?
2, 3, 7
Let j be 2/(2 - 4) - -23. Suppose 0 = -5*z + 7 - j. List the prime factors of z/6 - 34/(-4).
2
Let a be (-28)/6*(-31 + 10). Suppose -2*d - a = -5*d - 2*p, 0 = -3*d + 4*p + 74. What are the prime factors of d?
2, 3, 5
Suppose 5*j - 100 = j + 5*y, 2*y - 52 = -3*j. Let q = j + 3. List the prime factors of q.
23
Let z(q) = 2*q**2 + 5*q + 3. Let l be (6/(-3))/((-2)/(-3)). Let a be z(l). Let c = a - 4. What are the prime factors of c?
2
Suppose -4*d - 10 = -2*s, 4*d - 16 = -3*s - 1. Suppose 0 = -0*u + s*u. Let b(v) = v**2 + v + 8. What are the prime factors of b(u)?
2
Let g(z) = -z**3 - 6*z**2 + 2. Let p(r) = 11*r + 1. Let d be p(1). Suppose 9 = -2*f + l, d = -f - 3*f + 4*l. List the prime factors of g(f).
2
Let k(n) = n**2 - 2*n + 4. Let q be k(5). Suppose -q = -5*o + 76. What are the prime factors of o?
19
Let a be (96/(-9))/(-2)*-3. What are the prime factors of -4*(76/a + -1)?
23
Let t = 70 - -72. What are the prime factors of t?
2, 71
Let m = -262 + 370. What are the prime factors of m?
2, 3
Let q(l) = l**3 + 8*l**2 - 3*l - 6. List the prime factors of q(-8).
2, 3
Let f(x) = x**2 + 4*x - 8. Suppose 0 = 3*b + 24 + 6. Let u = b + 4. What are the prime factors of f(u)?
2
Let y = 3 - -11. What are the prime factors of y?
2, 7
Let p(u) = 4*u**2 + u - 2. Let t be p(6). Suppose 2*h + 2*r - 142 = 3*r, 0 = -2*h - 2*r + t. Suppose -5*d - 17 = -h. List the prime factors of d.
11
Suppose 2*j - 4*t = -2*j + 44, 0 = -j + 4*t + 8. List the prime factors of j.
2, 3
Let q be 1/3*3/1. Let i = q + -1. Suppose 3*h - 12 = -i*h. List the prime factors of h.
2
Let t be 8/5 - 14/(-35). Suppose -r = t*r - 27. List the prime factors of r.
3
Suppose 147*m - 142*m - 445 = 0. What are the prime factors of m?
89
Let h = -24 - -82. What are the prime factors of h?
2, 29
Suppose 0*t = 5*t + 30. Suppose 17 = -3*p - 4*b + 2*b, -3*p - 3*b = 18. List the prime factors of t*4/(12/p).
2, 5
Let q(s) = 3*s**2 - 7*s - 3. Let h be q(6). Suppose 2*w - h = -4*g - g, -w = 4*g - 48. What are the prime factors of g?
11
Let g(s) = -s**2 - 4*s + 7. Suppose -4*a - 15 = -a. Let h be g(a). Suppose -36 = -2*j - h*j. What are the prime factors of j?
3
Let u = -61 + 11. List the prime factors of u/(-15)*6/5.
2
Let r = 21 - 29. Let g = r + 44. Suppose -z = 2*z - g. What are the prime factors of z?
2, 3
Let d = 4 + 0. Suppose 160 = d*r - 4*u, 121 = 3*r - 0*u - 2*u. What are the prime factors of r?
41
Let a(r) = -r**2 - 2*r - 4. Let s(b) = -b**2 - 3*b - 4. Let f(t) = -7*a(t) + 6*s(t). Let m be f(4). Suppose m*n - 38 = -2. List the prime factors of n.
3
Suppose 2*b + 2*b + 2*z = -114, 51 = -2*b - 3*z. Let n be ((-1)/1)/(3/b). Let k = n - 0. List the prime factors of k.
2, 5
Let h be (-513)/(-4) - 9/36. Suppose -4*v + h = -0*v. What are the prime factors of v?
2
Let c = 22 - 12. Let n(w) = -w**2 + 9*w - 2. Let j be n(9). Let k = c - j. List the prime factors of k.
2, 3
Let y(o) = -2*o**3 - 11*o**2 + 3*o + 7. What are the prime factors of y(-6)?
5
Let x(o) = -o - 7. Let r(s) = -2*s - 15. Let c(y) = 3*r(y) - 7*x(y). Let j be c(-4). What are the prime factors of j/(-4) + 14 + -1?
13
Let i = -14 + 18. Suppose -49 = -4*k - 5*w + 35, i*w - 88 = -4*k. What are the prime factors of k?
2, 13
List the prime factors of (-273)/(-15) + (-1)/5.
2, 3
Let j = 9 - 4. Let n(t) = -t + 11. Let l be n(j). Suppose 4*r - 64 = 2*w, -l*w - 90 = -5*r - w. What are the prime factors of r?
2, 7
Let x = 105 + -389. What are the prime factors of (-4)/(-18) - x/18?
2
Let p = 23 + 8. What are the prime factors of p?
31
Suppose 3*t = -2*t - 105. Let n = t + 43. What are the prime factors of n?
2, 11
Suppose -6*h = -2*h - 32. List the prime factors of h.
2
Let m = 10 - -10. What are the prime factors of m?
2, 5
Suppose 0 = g + 2*g - 21. Suppose -3*w + 24 = c, -g*c + 5*w = -2*c - 40. What are the prime factors of c?
2, 3
What are the prime factors of 2/3 - 650/(-15)?
2, 11
Let t = 276 - 189. List the prime factors of t.
3, 29
Suppose 0 = -4*v - 12, 0*t - t + 5*v + 38 = 0. Let u(f) = -1 - t*f + 8*f**3 + 23*f. List the prime factors of u(1).
7
Suppose -5*n = -0*n - 4*f - 224, 4*n - 212 = -5*f. Suppose 0 = 7*x - 5*x - n. What are the prime factors of x?
2, 3
Let h(m) = 2*m**2 - 4*m - 1. Suppose -2*v + 56 = -4*f, -2*v = -v + 4*f - 28. Let c be v/10 - 1/(-5). What are the prime factors of h(c)?
5
Let s = 234 + -135. What are the prime factors of s?
3, 11
Let m(w) = 4*w**2 - 12*w + 15. What are the prime factors of m(7)?
127
Suppose -5*h + 3*a = -0*a - 47, a + 11 = h. What are the prime factors of (-1*h)/(-3 + 2)?
7
Suppose -7 = -5*g + 3. Suppose -g*v - 19 = 5. What are the prime factors of 20/6 - (-4)/v?
3
Let v(j) = j**2 - 2*j + 3. Let f be v(2). List the prime factors of f + 0 + 7*1.
2, 5
Suppose 5 + 0 = -v - 5*s, 2*s - 37 = -3*v. List the prime factors of v.
3, 5
Suppose 3*m - 4*i = -6 + 15, 3*m - 2*i = 9